*z + 166 = b. Let s = z + 136. What are the prime factors of s?
2, 5
Let p be (-11)/((-1)/(-5)*40/152). Let h = 798 - p. List the prime factors of h.
19, 53
Let p = 13 - 8. Suppose 2*j + 3 = -p, -3*j = -m + 124. Suppose 3*h = m - 34. List the prime factors of h.
2, 13
Suppose 11 + 5 = 2*i. Let z = 195 + -151. Let w = z - i. List the prime factors of w.
2, 3
Let r(k) = -8*k - 20. Let j be r(-13). Let p = -30 + j. Suppose 4*v - 4*z = 656, 4*z - p = -5*v + 811. What are the prime factors of v?
13
Suppose 10*d = 13*d - 6. Suppose 5*f = 0, -114 = 2*z + d*f - 4*f. Let r = z - -136. What are the prime factors of r?
79
Let l be (3/(-6))/(((-21)/(-18))/(-7)). Suppose 0 = -3*d - 3*u + 879, l*d - 466 - 407 = -u. List the prime factors of d.
2, 5, 29
Suppose 16*y = 32*y + 21*y - 1102970. List the prime factors of y.
2, 5, 11, 271
Let t(o) = -2*o**2 + 6*o - 6. Let w be t(3). Let b be w + 84/16 - (-23)/4. Suppose 0*p + 118 = b*p + 3*s, 3*p - 82 = s. What are the prime factors of p?
2, 13
Suppose 2*q - 194 = -0*q - 4*b, -5*q + 8*b + 521 = 0. Let m(s) = s**3 + 5*s**2 + 3*s + 1. Let f be m(-5). Let p = f + q. What are the prime factors of p?
3, 29
Let p be 2584/(-8) + 9 + -4. Let y = p + 514. What are the prime factors of y?
2, 7
Let t(o) = o**3 - 3*o**2 - 1. Let q be t(3). Let d(g) = 51*g + 1725. Let h be d(-32). Let c = h - q. List the prime factors of c.
2, 47
Let d = -44278 + 73388. List the prime factors of d.
2, 5, 41, 71
Let d = -67428 + 129353. What are the prime factors of d?
5, 2477
Let t = 15623 + -5514. What are the prime factors of t?
11, 919
Let a be 7/4*3*(0 + -8). Let c = 306 - a. What are the prime factors of c?
2, 3, 29
List the prime factors of -5*(-2)/1*(-3836)/(-70).
2, 137
Let p be (-35)/(-5)*580/7. Suppose p = 3*q + 4*y - 889, y = q - 478. List the prime factors of q.
3, 7, 23
Suppose 4*o + 28 = z, 4 - 41 = -z + o. What are the prime factors of ((-6124)/6)/(z/(-60))?
1531
Let f be 257584/(-306) + 6/(-27). Let p = f - -1460. List the prime factors of p.
2, 3, 103
Suppose 87200 = 23*o - 55262. List the prime factors of o.
2, 19, 163
Suppose 6 = -2*s + 4*q, -2*s - 5*q + 2 = -1. Let i be 4 - ((-2 - s) + 1). Suppose -230 = -i*b + 70. What are the prime factors of b?
3, 5
Let d(z) = z**3 + 6*z**2 - 9*z - 9. Let v be d(-7). Suppose -4*g - 2716 = -4*k, 0 = -50*g + 55*g - v. List the prime factors of k.
2, 5, 17
List the prime factors of (1491 - 0) + 7*(19 - 18).
2, 7, 107
Suppose 0*j - j = 2. Let i be (25/j)/((-1 - -4)/(-30)). Suppose 2*p - 13 - i = 0. What are the prime factors of p?
3, 23
Suppose -3294 = 258*v - 264*v. List the prime factors of v.
3, 61
Suppose -3*f = -4*p - 144525, 2*f + p - 140060 = -43699. What are the prime factors of f?
48179
Let c(q) = 4*q**2 + 35*q + 252. What are the prime factors of c(-14)?
2, 3, 7, 13
Let g(m) = m**2 - 8*m + 61. Suppose -3*p = -2*q - 17, 0 = -4*p - 7*q + 3*q + 56. List the prime factors of g(p).
2, 5, 7
Let g(d) = -3*d**2 - 52*d + 2. Let n(a) = 4*a + 58. Let z be n(-11). Let x = z - 24. What are the prime factors of g(x)?
2, 3, 37
Suppose -4*d + 15 = -d. Suppose -235 = -d*h + 6*n - 4*n, 5*h - 235 = n. List the prime factors of h.
47
Let r be (-48)/(-28)*14/3. Suppose -400 = 3*i - r*i - 2*u, -i = 4*u - 80. Let c = -7 + i. List the prime factors of c.
73
Suppose -3 = 12*h - 39. Suppose 4*b + 461 + 93 = 2*u, -3*u + 876 = h*b. What are the prime factors of u?
7, 41
What are the prime factors of ((-136)/16 - -8)*-11246?
5623
Suppose 18*z - 1333 = 4175. Let i be (-9)/6*228/2. Let m = z + i. What are the prime factors of m?
3, 5
Let j = 7035 + -3769. What are the prime factors of j?
2, 23, 71
Suppose 0 = 5*p - 46 + 6. Suppose 4832 = 5*x - o, -5*x + 0*x + 3*o + 4836 = 0. Suppose -p*q + x = -130. List the prime factors of q.
137
Suppose -31*a = -5*u - 29*a + 108009, 2*a + 64803 = 3*u. List the prime factors of u.
3, 19, 379
Suppose -10*d + 36456 = 4*d. Suppose d = 3*q + q. What are the prime factors of q?
3, 7, 31
Suppose -94*q + 276 = -554 - 298. Let z be (-37)/(-7) + (-2)/7. Suppose -q*b = -z*b - 1127. What are the prime factors of b?
7, 23
Let h = 186 + -192. Let u(z) = -z**3 + z - 26. What are the prime factors of u(h)?
2, 23
Suppose -2*z + 21 = -1. Let h(c) = c**2 + 31*c + 668. Let x be h(-29). Suppose 0 = -z*r + 16*r - x. What are the prime factors of r?
2, 61
Suppose 269*k + 4*d = 270*k - 34714, -4*d + 138856 = 4*k. What are the prime factors of k?
2, 17, 1021
Suppose -l = -21 - 24. Suppose -u + 0*j - 4*j + 61 = 0, u - 41 = j. Suppose -u - l = -w. What are the prime factors of w?
2, 3, 5
Let k = -665 + 677. What are the prime factors of ((-8)/k)/(3*14/(-81459))?
3, 431
Let t = -1673 - -3444. Suppose -23*a + t = -12*a. What are the prime factors of a?
7, 23
Let q(s) = s**3 + 10*s**2 + 10*s + 2. Let u be q(-8). What are the prime factors of (-2 - 1008)*1*(-20)/u?
2, 101
Suppose d - 17 + 91 = 0. Let b = 76 + d. List the prime factors of -2 + -3 + b - -15*1.
2, 3
Let x = 11217 - 6322. What are the prime factors of x?
5, 11, 89
Suppose 18*o - 26310 = 168. Let y = o - 702. List the prime factors of y.
769
Let z(o) = -129*o**3 + 4*o**2 + 2*o + 27. What are the prime factors of z(-4)?
31, 269
Suppose p = -5*o + 29, -3*p + 12 = o - 5. Suppose 3*r = r - 3*a + 566, 2*r = o*a + 550. What are the prime factors of r?
2, 5, 7
Suppose 0 = -7*r - 47*r + 179550. What are the prime factors of r?
5, 7, 19
Let y = 36 - 33. Let v be (-1 - -421) + (-6)/(9/y). Suppose 3*o - v = -2*p, 0*p - 705 = -5*o - 5*p. What are the prime factors of o?
2, 17
What are the prime factors of 983 - ((-147)/(-490))/((-2)/(-4))*-5?
2, 17, 29
Suppose -t = 2*t - 4*c + 19, -2*t - c + 2 = 0. Let a be -11 + 10 + (2 - t). Suppose 284 = 4*g - a*o, 5*o = -0*o - 20. List the prime factors of g.
3, 23
Suppose -301*z + 1841494 = -3147581. List the prime factors of z.
3, 5, 13, 17
Let t(f) = f**2 - 8*f + 6. Let n be t(9). Let c be ((-20)/n)/(8/12). What are the prime factors of 78 - 7 - 1/(c/(-6))?
2, 17
Let u(j) = -1634*j - 1. Let r be u(-1). Let s = r + -942. What are the prime factors of s?
691
Let l(k) = 333*k - 87. Let w be l(8). Suppose 0 = -2*c + 5*b + w, 0*b + 6489 = 5*c + 3*b. What are the prime factors of c?
2, 3
List the prime factors of 4/18 - 80663/(-99).
5, 163
List the prime factors of (-261)/51 + 30/255 + 3037.
2, 379
Let a(s) = -3*s**2 + 25*s - 16. Let m be ((-96)/(-72))/(1/12). Let j be a(m). Let u = -274 - j. List the prime factors of u.
2, 5, 11
Let a(b) = b**2 - 2*b - 1. Let g = 10 - 7. Let n be a(g). Suppose -o - 17 = -n*o. What are the prime factors of o?
17
Let b(r) = -r**3 + 17*r**2 + 26*r - 26. Let h = 368 - 355. What are the prime factors of b(h)?
2, 13, 19
Suppose -7*b + 3*b = 800. Suppose 0 = -6*n - n + 14. List the prime factors of (12/(-48))/(n/b).
5
Let v(h) = -h**3 - 2*h**2 - h. Let n be (3/(-6))/(2*(-3)/(-12)). Let r be v(n). Let j(d) = 7*d + 71. List the prime factors of j(r).
71
Let j(s) = -185*s**2 + 4*s - 3. Let l be j(1). Let a = l + 439. What are the prime factors of a?
3, 5, 17
Suppose o - 7 = -19. Let s = 143 + o. Suppose -4*a + 37 = -s. List the prime factors of a.
2, 3, 7
Let w = -317 - -322. Suppose -t = 0, -w*b + t + 3*t + 3250 = 0. List the prime factors of b.
2, 5, 13
Let n(p) be the first derivative of 4*p**3/3 + 7*p**2/2 + 16*p - 903. Let t be -1*(-8 + (0 - -1)). List the prime factors of n(t).
3, 29
Suppose 13*p - 12*p - 3*n = -3, 4*p - 14 = -n. Suppose -2*a + 7*a = 2*m - 3061, 0 = -m + p*a + 1530. What are the prime factors of m?
3, 7, 73
Suppose -q + 0 = -3*l + 2, -2*q = 5*l + 4. Let s be (-13570)/34 - q/17. What are the prime factors of (-32357)/s - 2/21?
3
Let u(i) be the third derivative of 7*i**4/8 - 17*i**3/6 - i**2. Let b = 10908 + -10902. What are the prime factors of u(b)?
109
Let d = 18916 + -5485. List the prime factors of d.
3, 11, 37
Let x(s) = -568*s + 59. What are the prime factors of x(-10)?
3, 1913
Let h = -909 - -2499. Suppose -g - 305 = -h. List the prime factors of g.
5, 257
Let r = -5435 + 12488. List the prime factors of r.
3, 2351
Let j(m) = -m**3 + 6*m**2 - m - 19. Let b be j(3). Suppose -249 = -i - 0*c + 2*c, b*c = 0. List the prime factors of i - (-1 + 5) - 0.
5, 7
What are the prime factors of (((-245)/(-7))/7)/(23061/(-23064) - -1)?
2, 5, 31
Suppose 5*x = 30, -3*h - 10*x + 